{"id":5683,"date":"2022-03-10T10:19:21","date_gmt":"2022-03-10T09:19:21","guid":{"rendered":"https:\/\/eng.amaruq-chimo.eu\/?page_id=5683"},"modified":"2022-05-26T22:05:30","modified_gmt":"2022-05-26T21:05:30","slug":"rona","status":"publish","type":"page","link":"https:\/\/eng.amaruq-chimo.eu\/?page_id=5683","title":{"rendered":""},"content":{"rendered":"<table style=\"text-align: center;\" border=\"0\" width=\"100%\">\n<tbody>\n<tr>\n<td style=\"text-align: center;\">\n<h2 style=\"font-size: 1.5em; text-align: center;\"><span style=\"color: #800000;\"><strong><img loading=\"lazy\" decoding=\"async\" class=\"aligncenter size-full wp-image-872\" src=\"https:\/\/hun.amaruq-chimo.eu\/wp-content\/\/pedigele.gif\" alt=\"\" width=\"68\" height=\"97\"><a href=\"http:\/\/hun.amaruq-chimo.eu\/wp-content\/\/op\u00e1l-t\u00f6rzsk\u00f6nyv-002.jpg\"><span style=\"color: #000000;\">Pedigree<\/span><\/a><\/strong><\/span><\/h2>\n<\/td>\n<td>\n<h2 style=\"font-size: 1.5em;\"><span style=\"color: #800000;\"><strong><a href=\"https:\/\/eng.amaruq-chimo.eu\/?page_id=22#luna\"><img loading=\"lazy\" decoding=\"async\" class=\"aligncenter size-full wp-image-872\" style=\"display: block; margin-left: auto; margin-right: auto; border: 0px initial initial;\" src=\"https:\/\/hun.amaruq-chimo.eu\/wp-content\/\/serleg.gif\" alt=\"pedigele\" width=\"80\" height=\"100\"><span style=\"color: #000000;\">Result<\/span><\/a><\/strong><\/span><\/h2>\n<\/td>\n<\/tr>\n<\/tbody>\n<\/table>\n<h2><span style=\"color: #000000;\">Born: 2021.12.05.<\/span><\/h2>\n<h2><span style=\"color: #000000;\">Weight:&nbsp;in growth<\/span><\/h2>\n<h2><span style=\"color: #000000;\">Height:&nbsp;in growth<\/span><\/h2>\n<p><img loading=\"lazy\" decoding=\"async\" class=\"aligncenter wp-image-5696\" src=\"https:\/\/eng.amaruq-chimo.eu\/wp-content\/\/20220306_163110-703x1024.jpg\" alt=\"\" width=\"321\" height=\"468\" srcset=\"https:\/\/eng.amaruq-chimo.eu\/wp-content\/20220306_163110-703x1024.jpg 703w, https:\/\/eng.amaruq-chimo.eu\/wp-content\/20220306_163110-206x300.jpg 206w, https:\/\/eng.amaruq-chimo.eu\/wp-content\/20220306_163110-768x1119.jpg 768w, https:\/\/eng.amaruq-chimo.eu\/wp-content\/20220306_163110.jpg 1032w\" sizes=\"auto, (max-width: 321px) 100vw, 321px\" \/><\/p>\n<p style=\"text-align: center;\">&nbsp;<\/p>\n<p style=\"text-align: center;\">&nbsp;<\/p>\nngg_shortcode_0_placeholder\n<h2>&nbsp;<\/h2>\n","protected":false},"excerpt":{"rendered":"<p>Pedigree Result Born: 2021.12.05. Weight:&nbsp;in growth Height:&nbsp;in growth &nbsp; &nbsp; &nbsp;<\/p>\n","protected":false},"author":2,"featured_media":0,"parent":0,"menu_order":0,"comment_status":"closed","ping_status":"closed","template":"","meta":{"ngg_post_thumbnail":0,"footnotes":""},"class_list":["post-5683","page","type-page","status-publish","hentry"],"_links":{"self":[{"href":"https:\/\/eng.amaruq-chimo.eu\/index.php?rest_route=\/wp\/v2\/pages\/5683","targetHints":{"allow":["GET"]}}],"collection":[{"href":"https:\/\/eng.amaruq-chimo.eu\/index.php?rest_route=\/wp\/v2\/pages"}],"about":[{"href":"https:\/\/eng.amaruq-chimo.eu\/index.php?rest_route=\/wp\/v2\/types\/page"}],"author":[{"embeddable":true,"href":"https:\/\/eng.amaruq-chimo.eu\/index.php?rest_route=\/wp\/v2\/users\/2"}],"replies":[{"embeddable":true,"href":"https:\/\/eng.amaruq-chimo.eu\/index.php?rest_route=%2Fwp%2Fv2%2Fcomments&post=5683"}],"version-history":[{"count":6,"href":"https:\/\/eng.amaruq-chimo.eu\/index.php?rest_route=\/wp\/v2\/pages\/5683\/revisions"}],"predecessor-version":[{"id":5860,"href":"https:\/\/eng.amaruq-chimo.eu\/index.php?rest_route=\/wp\/v2\/pages\/5683\/revisions\/5860"}],"wp:attachment":[{"href":"https:\/\/eng.amaruq-chimo.eu\/index.php?rest_route=%2Fwp%2Fv2%2Fmedia&parent=5683"}],"curies":[{"name":"wp","href":"https:\/\/api.w.org\/{rel}","templated":true}]}}